{"id":107,"date":"2021-04-07T17:32:09","date_gmt":"2021-04-07T15:32:09","guid":{"rendered":"https:\/\/rmbb.dominikanie.pl\/?page_id=107"},"modified":"2021-04-07T17:33:39","modified_gmt":"2021-04-07T15:33:39","slug":"rodzina-mbb-online","status":"publish","type":"page","link":"https:\/\/rmbb.dominikanie.pl\/index.php\/rodzina-mbb-online\/","title":{"rendered":"Rodzina MBB online"},"content":{"rendered":"\n<div class=\"wp-block-columns is-layout-flex wp-container-core-columns-is-layout-9d6595d7 wp-block-columns-is-layout-flex\">\n<div class=\"wp-block-column is-layout-flow wp-block-column-is-layout-flow\" style=\"flex-basis:66.66%\">\n<h4 class=\"wp-block-heading\">Rozproszeni, ale mo\u017cemy modli\u0107 si\u0119 wsp\u00f3lnie.<\/h4>\n<\/div>\n\n\n\n<div class=\"wp-block-column is-layout-flow wp-block-column-is-layout-flow\" style=\"flex-basis:33.33%\">\n<figure class=\"wp-block-image size-medium is-style-rounded\"><img loading=\"lazy\" decoding=\"async\" width=\"300\" height=\"200\" src=\"https:\/\/rmbb.dominikanie.pl\/wp-content\/uploads\/2021\/04\/tetiana-shyshkina-i_xNmRRy0kk-unsplash-300x200.jpg\" alt=\"\" class=\"wp-image-110\" srcset=\"https:\/\/rmbb.dominikanie.pl\/wp-content\/uploads\/2021\/04\/tetiana-shyshkina-i_xNmRRy0kk-unsplash-300x200.jpg 300w, https:\/\/rmbb.dominikanie.pl\/wp-content\/uploads\/2021\/04\/tetiana-shyshkina-i_xNmRRy0kk-unsplash-1024x683.jpg 1024w, https:\/\/rmbb.dominikanie.pl\/wp-content\/uploads\/2021\/04\/tetiana-shyshkina-i_xNmRRy0kk-unsplash-768x512.jpg 768w, https:\/\/rmbb.dominikanie.pl\/wp-content\/uploads\/2021\/04\/tetiana-shyshkina-i_xNmRRy0kk-unsplash-1536x1024.jpg 1536w, https:\/\/rmbb.dominikanie.pl\/wp-content\/uploads\/2021\/04\/tetiana-shyshkina-i_xNmRRy0kk-unsplash-2048x1366.jpg 2048w, https:\/\/rmbb.dominikanie.pl\/wp-content\/uploads\/2021\/04\/tetiana-shyshkina-i_xNmRRy0kk-unsplash-1200x800.jpg 1200w, https:\/\/rmbb.dominikanie.pl\/wp-content\/uploads\/2021\/04\/tetiana-shyshkina-i_xNmRRy0kk-unsplash-1980x1320.jpg 1980w\" sizes=\"auto, (max-width: 300px) 100vw, 300px\" \/><figcaption>Wsp\u00f3lnota online<\/figcaption><\/figure>\n<\/div>\n<\/div>\n\n\n\n<div class=\"wp-block-columns is-layout-flex wp-container-core-columns-is-layout-9d6595d7 wp-block-columns-is-layout-flex\">\n<div class=\"wp-block-column is-layout-flow wp-block-column-is-layout-flow\">\n<p>Jeste\u015bmy rozsiani po Polsce. Od czasu do czasu chcemy modli\u0107 si\u0119 te\u017c wsp\u00f3lnie. Internet to umo\u017cliwia. <\/p>\n<\/div>\n\n\n\n<div class=\"wp-block-column is-layout-flow wp-block-column-is-layout-flow\">\n<p>Nasza wsp\u00f3lnota ma swoj\u0105 stron\u0119 na Facebooku. To kolejna platforma, na kt\u00f3rej mo\u017cemy si\u0119 spotka\u0107, tak\u017ce modlitewnie.<\/p>\n<\/div>\n<\/div>\n\n\n\n<div class=\"wp-block-buttons is-layout-flex wp-block-buttons-is-layout-flex\">\n<div class=\"wp-block-button\"><a class=\"wp-block-button__link\">liturgia online &#8211; WI\u0118CEJ INFORMACJI WKR\u00d3TCE<\/a><\/div>\n<\/div>\n","protected":false},"excerpt":{"rendered":"<p>Rozproszeni, ale mo\u017cemy modli\u0107 si\u0119 wsp\u00f3lnie. Jeste\u015bmy rozsiani po Polsce. Od czasu do czasu chcemy modli\u0107 si\u0119 te\u017c wsp\u00f3lnie. Internet to umo\u017cliwia. Nasza wsp\u00f3lnota ma swoj\u0105 stron\u0119 na Facebooku. To kolejna platforma, na kt\u00f3rej mo\u017cemy si\u0119 spotka\u0107, tak\u017ce modlitewnie.<\/p>\n","protected":false},"author":3,"featured_media":0,"parent":0,"menu_order":0,"comment_status":"closed","ping_status":"closed","template":"","meta":{"footnotes":""},"class_list":["post-107","page","type-page","status-publish","hentry"],"_links":{"self":[{"href":"https:\/\/rmbb.dominikanie.pl\/index.php\/wp-json\/wp\/v2\/pages\/107","targetHints":{"allow":["GET"]}}],"collection":[{"href":"https:\/\/rmbb.dominikanie.pl\/index.php\/wp-json\/wp\/v2\/pages"}],"about":[{"href":"https:\/\/rmbb.dominikanie.pl\/index.php\/wp-json\/wp\/v2\/types\/page"}],"author":[{"embeddable":true,"href":"https:\/\/rmbb.dominikanie.pl\/index.php\/wp-json\/wp\/v2\/users\/3"}],"replies":[{"embeddable":true,"href":"https:\/\/rmbb.dominikanie.pl\/index.php\/wp-json\/wp\/v2\/comments?post=107"}],"version-history":[{"count":2,"href":"https:\/\/rmbb.dominikanie.pl\/index.php\/wp-json\/wp\/v2\/pages\/107\/revisions"}],"predecessor-version":[{"id":113,"href":"https:\/\/rmbb.dominikanie.pl\/index.php\/wp-json\/wp\/v2\/pages\/107\/revisions\/113"}],"wp:attachment":[{"href":"https:\/\/rmbb.dominikanie.pl\/index.php\/wp-json\/wp\/v2\/media?parent=107"}],"curies":[{"name":"wp","href":"https:\/\/api.w.org\/{rel}","templated":true}]}}